 a composite number?
False
Is 7238463233 composite?
True
Is 975502771 a prime number?
True
Is 944109997 a prime number?
False
Is 23349524371 a prime number?
True
Is 72491071403 a composite number?
True
Is 225700683737 a prime number?
True
Is 699691771 a prime number?
True
Is 50918045 prime?
False
Is 782524891 a prime number?
True
Is 37072947 a composite number?
True
Is 63953161223 a prime number?
False
Is 1193417269 a composite number?
True
Is 17585012033 a composite number?
False
Is 41401917101 prime?
True
Is 3965194711 composite?
False
Is 5219516033 a composite number?
False
Is 684471457 a composite number?
True
Is 3534682237 composite?
True
Is 784352311 composite?
False
Is 9102123377 a composite number?
False
Is 1294643617 a composite number?
True
Is 298898359471 composite?
True
Is 2980000689 a composite number?
True
Is 8289477851 prime?
True
Is 2223347837 a prime number?
True
Is 1340639153 a prime number?
False
Is 191995471 a composite number?
True
Is 2443446563 a composite number?
True
Is 1135992091 a prime number?
False
Is 8112965543 a prime number?
False
Is 4369478537 prime?
True
Is 110190649 composite?
True
Is 1901153119 a prime number?
False
Is 20031922981 composite?
True
Is 15590376699 a prime number?
False
Is 19324794347 composite?
False
Is 12303232814 a prime number?
False
Is 132405437 a composite number?
False
Is 2523520723 composite?
False
Is 155078591 a prime number?
True
Is 9807151253 a composite number?
False
Is 42209546803 prime?
False
Is 290777659 a prime number?
False
Is 5708036641 a prime number?
True
Is 1818525361 composite?
False
Is 2999273969 a prime number?
True
Is 8219378361 prime?
False
Is 12386980363 a composite number?
False
Is 140592256367 prime?
False
Is 3242274449 composite?
True
Is 222996643 prime?
False
Is 1138000543 a composite number?
False
Is 55214078 a prime number?
False
Is 301870247 a prime number?
False
Is 1651909537 a prime number?
True
Is 37315526327 composite?
False
Is 4812263701 composite?
True
Is 3312684323 prime?
False
Is 47428575307 a prime number?
False
Is 2327608343 composite?
True
Is 1001130469 composite?
False
Is 3273317503 prime?
False
Is 24388121983 a prime number?
True
Is 14131136273 a prime number?
False
Is 14935873319 a prime number?
True
Is 7477282823 a prime number?
True
Is 37965956293 prime?
True
Is 1653906431 prime?
True
Is 3958881947 a composite number?
False
Is 3987761467 prime?
False
Is 19325484907 prime?
True
Is 4533978479 prime?
False
Is 3658180741 prime?
False
Is 4704064577 a composite number?
True
Is 2626033817 composite?
True
Is 20640042833 prime?
True
Is 8107012691 prime?
False
Is 8366688901 a prime number?
False
Is 477302219 a composite number?
False
Is 101408864195 a prime number?
False
Is 11260581617 a prime number?
False
Is 313152977 composite?
False
Is 1693183469 composite?
False
Is 1703236933 composite?
False
Is 49417656971 a composite number?
True
Is 34367507 prime?
True
Is 942601019 a composite number?
True
Is 54302379787 a composite number?
False
Is 9375792367 a prime number?
True
Is 2565756733 composite?
True
Is 76555930057 prime?
False
Is 7129672421 composite?
False
Is 2732839383 prime?
False
Is 8266419569 a composite number?
False
Is 1728126319 a composite number?
False
Is 8325239171 a prime number?
False
Is 1226719037 a composite number?
False
Is 365753471 a prime number?
False
Is 400259783233 a composite number?
True
Is 25099611899 a composite number?
True
Is 154786986469 a composite number?
False
Is 2742585863 composite?
True
Is 68645089 prime?
True
Is 221760255686 composite?
True
Is 2115940289 a composite number?
False
Is 18572568143 composite?
False
Is 74712707 a composite number?
True
Is 14784891031 composite?
False
Is 121615357 prime?
False
Is 1316573359 composite?
True
Is 3083138939 composite?
False
Is 27013350107 composite?
False
Is 9017039287 prime?
True
Is 7513878221 a composite number?
True
Is 33393215813 prime?
True
Is 17757885947 a composite number?
True
Is 162440501 a composite number?
False
Is 8763043127 a composite number?
False
Is 5912571101 a composite number?
False
Is 42040458799 prime?
True
Is 374566463 prime?
True
Is 118105970971 composite?
True
Is 1452787901 a composite number?
False
Is 320762833 composite?
True
Is 55297636699 a prime number?
True
Is 5331381841 a prime number?
False
Is 18153362587 a prime number?
True
Is 971313523 a prime number?
True
Is 76233115363 a composite number?
False
Is 48322930273 a prime number?
True
Is 303723443 a prime number?
False
Is 1420467001 a prime number?
True
Is 139595769899 composite?
True
Is 6588257773 prime?
False
Is 966846227 a composite number?
True
Is 1938924131 a prime number?
True
Is 1710919223 a prime number?
False
Is 12176077 composite?
False
Is 49951526749 composite?
True
Is 40737332687 a prime number?
False
Is 278340930617 a prime number?
False
Is 101732011 a composite number?
False
Is 5665075753 composite?
False
Is 3230265937 prime?
False
Is 507806287 prime?
False
Is 7663920887 composite?
True
Is 7117446487 prime?
False
Is 7220171141 a composite number?
False
Is 1736849987 a composite number?
False
Is 47709407407 composite?
False
Is 3180338543 a prime number?
True
Is 120681275329 composite?
True
Is 51136589073 prime?
False
Is 11588346709 composite?
True
Is 566753809 a composite number?
False
Is 2953027783 a prime number?
True
Is 311357113 a prime number?
True
Is 1493396539 a prime number?
False
Is 2216666579 a composite number?
True
Is 297727043 prime?
True
Is 42380080891 a prime number?
True
Is 3683488927 composite?
False
Is 3924272101 a prime number?
True
Is 49674482311 prime?
False
Is 7625178259 a prime number?
True
Is 704862479 prime?
True
Is 24529985063 prime?
True
Is 66694055039 prime?
False
Is 11311943681 a composite number?
True
Is 1892899735 prime?
False
Is 535517123 a composite number?
True
Is 4415412653 prime?
True
Is 122324119 composite?
True
Is 1991228279 a composite number?
False
Is 54980037181 prime?
True
Is 1063672627 a composite number?
False
Is 350699567 a prime number?
False
Is 4505035531 a prime number?
True
Is 1119112021 a composite number?
False
Is 29380748723 prime?
False
Is 231284539 composite?
True
Is 3723282229 prime?
False
Is 490915303 composite?
True
Is 406402681 a prime number?
False
Is 918711379 composite?
True
Is 509440795 composite?
True
Is 9247807039 a prime number?
True
Is 11459072815 composite?
True
Is 22850872757 a composite number?
False
Is 13827697883 a prime number?
False
Is 2085363473 composite?
False
Is 19790024981 a composite number?
False
Is 7802020741 a composite number?
False
Is 310820888813 a prime number?
True
Is 8737738519 a composite number?
False
Is 269057603 a composite number?
True
Is 7565871851 a prime number?
False
Is 237427241 prime?
False
Is 5162111107 composite?
False
Is 158086043 a prime number?
False
Is 27557309627 a composite number?
False
Is 45667075603 prime?
True
Is 7076906513 composite?
True
Is 3373732279 a composite number?
False
Is 688181509 a composite number?
True
Is 1543900571 a composite number?
False
Is 738262237 a prime number?
False
Is 1793667833 a prime number?
False
Is 26637015227 a prime number?
True
Is 49270795109 prime?
False
Is 300458042 a composite number?
True
Is 94992659 a composite number?
True
Is 8961659221 prime?
True
Is 303649113 prime?
False
Is 790872458 prime?
False
Is 29216771 prime?
True
Is 1143396173 composite?
True
Is 26508815371 prime?
False
Is 733228541 prime?
True
Is 27736698323 a prime number?
True
Is 45842176885 composite?
True
Is 1623139561 a composite number?
False
Is 192978139 prime?
True
Is 7228456573 prime?
False
Is 104426041 prime?
True
Is 15450368863 a composite number?
False
Is 4741960997 a prime number?
True
Is 1919190619 a composite number?
True
Is 109998722969 a prime number?
True
Is 339299203 prime?
True
Is 211066571 prime?
True
Is 699356261 a prime number?
True
Is 1672012599 a composite number?
True
Is 2405505649 composite?
False
Is 114773701481 a composite number?
True
Is 5595705877 prime?
False
Is 189486511 composite?
False
Is 20524237987 a composite number?
True
Is 9175419527 prime?
True
Is 15181699847 a composite number?
True
Is 3267008097 prime?
False
Is 129173345791 a prime number?
False
Is 71321520521 a prime number?
False
Is 72024230921 composite?
False
Is 105709562917 c